s the units digit of j?
5
Suppose -f - 80 = -5*f. Let o = f - 14. What is the units digit of o?
6
Let j(v) be the third derivative of v**5/5 - v**4/24 - v**3/6 + 4*v**2. What is the units digit of j(-1)?
2
Let w(i) = -i**2 - 13*i + 18. Let q be w(-14). Suppose 0 = -q*f + y + 77, 3*y + 39 = 3*f + 6*y. What is the tens digit of f?
1
Suppose 4*h - k = 2*h + 63, 5*h = -5*k + 120. Let u = h - 16. What is the units digit of u?
3
Suppose 3*p - 6 = -0*p. What is the tens digit of (3 - (p - 0)) + 12?
1
Suppose -4*u + 244 = 64. What is the units digit of u?
5
Let s(q) = -5*q - 14. What is the units digit of s(-8)?
6
Let d(n) = -14*n - 2. Let o be d(-2). Suppose -w - 4*f = 7, -3*f + 5 = -4*f. Let u = o - w. What is the tens digit of u?
1
Suppose 33*t - 26*t - 1533 = 0. What is the units digit of t?
9
Suppose 3*t - 15 = -0*t. Suppose -t*x = -4*x - 19. What is the units digit of x?
9
Let k(x) = 12*x + 5. What is the tens digit of k(4)?
5
What is the tens digit of (-1 - 0)/(3348/(-669) - -5)?
2
Let n(c) = -14*c**3 - 3*c**2 + 11*c - 8. Let q(s) = -9*s**3 - 2*s**2 + 7*s - 5. Let d(x) = 5*n(x) - 8*q(x). What is the units digit of d(1)?
2
What is the units digit of 41 + (-4)/1 + 5?
2
Let w(b) = 13*b - 7. Let v(h) = 7*h - 3. Let m(u) = -7*v(u) + 4*w(u). What is the units digit of m(6)?
1
Let n = 141 + -66. What is the tens digit of n?
7
Suppose -89 = -2*h - 17. What is the units digit of h?
6
Let s be 10/4*(6 - 336/(-15)). Let k(l) = l**3 + 5*l**2 - l. Let v be k(-5). Suppose -s = -v*r - 1. What is the tens digit of r?
1
Let o(r) = r + 2. Suppose -p + 2 + 3 = 0. What is the units digit of o(p)?
7
Let y(l) = 0 - 19*l + 0. Suppose b = 4*g + 6, -4*g + 1 = 4*b - 3. What is the units digit of y(g)?
9
Let u(k) = -4*k - 10. What is the tens digit of u(-11)?
3
Let j(c) = c**3 + 3*c**2 + c + 3. Let f be j(-3). Suppose 4*p - 95 - 49 = f. What is the tens digit of p?
3
What is the units digit of (-1)/(-3) - (-53)/3?
8
Let u be 15/(-4)*76/(-19). Suppose 4*l + l = u. What is the units digit of l?
3
What is the tens digit of (-68)/(-2) + 3 + 1?
3
Let s(o) = -3*o + 1 + 6*o + 4. Let c be s(4). Suppose 3*d + 2 = c. What is the units digit of d?
5
Let c(u) = 3*u - 7. Let i be c(3). Suppose -i*l = b - 10, 0 = -4*b - 0*b + 5*l + 27. What is the units digit of b?
8
Let n(x) = x - 4. Let c be n(4). Suppose 4*t + 3*y - 6 = 0, 2*y - 2 + 6 = c. Suppose t = 2*r + 1. What is the units digit of r?
1
Let o(g) = -g**2 - 6*g. Let b be o(-6). What is the units digit of b/2 + 2*3?
6
Let s(v) = -v + 16. Let x be s(12). Suppose -x*t + 9*t = 125. What is the units digit of t?
5
Suppose 0 = 4*b - 2*b - 6. Suppose -4*w + 43 = -0*w - b*z, -3*w - 3*z + 48 = 0. What is the units digit of w?
3
Suppose 0 = q + 3*u - 81, 6*u - 83 = -q + u. What is the tens digit of q?
7
Suppose -4*l - 12 = -6*l. Let n = 22 - l. What is the units digit of n?
6
What is the units digit of 1967/21 - ((-1)/3)/1?
4
Let q(x) = -2*x + 3. What is the tens digit of q(-6)?
1
Suppose 3*q - 5*s - 27 = 0, -4*s = q - s - 23. What is the tens digit of q?
1
Let g be -42*(-1)/(2/(-1)). Let t = g + 36. What is the units digit of t?
5
Let u = -1 - -4. Suppose 4*q = u*a - 28, a + q - 2*q - 10 = 0. What is the tens digit of a?
1
Suppose -2*l - y + 5 + 0 = 0, 4*l - 13 = -y. Suppose -4*i + 10 = -c - 6, -2*i - l*c + 26 = 0. What is the units digit of i?
5
Let c(y) = -2*y + 14. Let s be c(11). What is the units digit of 3/(-2) + (-36)/s?
3
Suppose 3*o + 205 = 2*s + 2*o, -505 = -5*s - 5*o. What is the units digit of s?
2
Let r be (-6 - -3) + 10 + 0. Let q = -5 + r. Suppose 7 = q*o - 3. What is the units digit of o?
5
Let c(v) = v**2 - 4*v - 2. Let n be c(6). Suppose -5*s + 10 + n = 0. What is the units digit of s?
4
Let y(x) = 3*x. Let d = 10 + -14. Let w = -2 - d. What is the units digit of y(w)?
6
Suppose 0 = -0*u + 2*u - 6. Suppose -8 = -u*t + 16. What is the units digit of t?
8
What is the tens digit of (54/(-24))/((-12)/176)?
3
Let j = 7 + -9. What is the units digit of j*(-6)/4 + 0?
3
Let s(l) be the third derivative of l**4/24 + 11*l**3/6 + l**2. Let j be s(-7). Suppose 2*o - a - 7 = 0, 4*a - 19 = -j*o + a. What is the units digit of o?
4
Suppose -b = -41 + 1. What is the units digit of b?
0
Let y be ((-46)/(-6))/(4/(-12)). Let b = -15 - y. Suppose o - b = 1. What is the units digit of o?
9
Let c = 6 - 6. Suppose c*k + 448 = k. What is the units digit of k/72 - (-4)/(-18)?
6
Let h(j) = -j - 3. Let m be h(-3). Suppose -3*o = -2*v - 20, -o + 2*v = -m*v - 8. What is the units digit of o?
6
Suppose -10 = -4*c + 2. Suppose 5*g + c*x - 188 = 0, -g = 4*g - x - 204. Suppose 2*m + 4*f + g = 7*m, 4*m - 21 = f. What is the units digit of m?
4
Let k be (-40)/(-12)*(-18)/(-15). Suppose -k*g - 6*h = -3*h - 20, g = 3*h + 5. What is the units digit of g?
5
Suppose 5*z - 60 = 4*x, -3*x = -2*z + 6 + 25. Suppose 0 = 5*a - z - 7. What is the units digit of (-2)/(-3) + 25/a?
9
Let y = 11 - -17. What is the units digit of y?
8
Suppose -9 = -3*k, -4*k - 378 = -2*b - 3*b. What is the tens digit of b?
7
Suppose 0*q - 4*q = 5*o - 27, 21 = 3*o + 4*q. Suppose -o*x + 50 - 20 = 0. What is the tens digit of x?
1
Let l = -94 + 237. What is the hundreds digit of l?
1
Suppose -x = -4*s + 24, 4*s + 4*x + 4 = 8. What is the units digit of (32/5)/(s/25)?
2
Let p be (12/(-15))/((-4)/(-10)). What is the tens digit of ((-8)/(-24))/(p/(-102))?
1
What is the tens digit of ((-8)/10)/(40/(-1900))?
3
Suppose 0 = -6*c + 2*c + 988. What is the units digit of c?
7
Let d be (6/(-9))/(2/(-3)). Let b be d/(-1) - (-2 + -1). Suppose 21 = 3*q - 4*h, 4*q + 3*h = b*q - 3. What is the units digit of q?
3
Let g be (-2)/2 + (4 - -1). Suppose 5*a - 55 = -5*y, g*a - 5 - 40 = -5*y. What is the units digit of a?
0
Let u = 14 + -16. What is the tens digit of -6*1/u - -30?
3
Let i(o) be the first derivative of o**3/6 + 3*o**2 + 2*o + 1. Let g(j) be the first derivative of i(j). What is the units digit of g(0)?
6
Let k(x) = x**3 - 2*x**2 - 3*x + 2. Let g be k(2). What is the units digit of 2 + (g - -2) + 34?
4
Let r = 9 - 6. Let v be (0 + 0 + 0)*1. What is the units digit of r/(-3)*(v - 8)?
8
Suppose 2*t = 3*b - 317, -5*t = 6 - 16. What is the tens digit of b?
0
Suppose -5*t - 4*f = -137, 2*t - f = -0*f + 47. What is the units digit of t?
5
Let x = 159 + -101. Suppose j + x = 4*d - j, -4*d = 5*j - 51. What is the units digit of d?
4
Let j = 39 - 17. Suppose v - j = 3. Suppose 0 = 4*l + l - 5*y - 25, -y - v = -5*l. What is the units digit of l?
5
Let i(b) = -b**3 + 16*b**2 - 13*b - 25. Let t be i(15). Let o = -2 + 22. Let d = o - t. What is the tens digit of d?
1
Let f(k) be the third derivative of k**4/24 + 11*k**3/6 - 3*k**2. Let t be f(-8). Suppose 3*s - 3*o = 30, t*s = -0*s - 5*o + 6. What is the units digit of s?
7
Let u(o) = o**2 + 8. What is the units digit of u(0)?
8
Suppose 31 - 3 = 2*b - 3*m, m = 0. Suppose -i = -b - 1. Suppose i = -5*x, -3*t - x = -0*x - 3. What is the units digit of t?
2
Let h(t) = t**3 - 12*t**2 + 10*t + 10. Let d be h(11). What is the units digit of 1/((2/(-36))/d)?
8
Suppose 2*u - 5*k + 4*k = -1, u = -5*k + 16. What is the units digit of (u/2)/((-1)/(-24))?
2
Suppose -4*y = -15 + 39. What is the units digit of y/(-8) + (-342)/(-24)?
5
Let x(v) = 84*v - 5. What is the tens digit of x(1)?
7
Suppose -8*v + 4*v = -5*n - 126, 4*n = -v + 21. What is the tens digit of v?
2
Suppose -4*y + 153 = -5*p - 637, -p + 202 = y. What is the hundreds digit of y?
2
What is the units digit of (-12)/(-9)*(0 + 3)?
4
Let x(f) = -52*f**3 - f**2. What is the units digit of x(-1)?
1
Suppose 0 = -7*f + 219 + 12. What is the units digit of f?
3
Let j(d) = -d**3 - 4*d**2 + 2. What is the units digit of j(-5)?
7
Suppose 3*x + 10 = -s + 2*x, -3*s + x - 26 = 0. Let v(i) = i**2 + 6*i + 10. What is the tens digit of v(s)?
3
Let z(l) = -l**3 - 3*l**2 + 3*l - 4. Let b be z(-4). Suppose 0*d - 2*d + 8 = b. Suppose d + 4 = y. What is the units digit of y?
8
Let p be ((-4)/3*-3)/1. Let m(h) = h**3 - 2*h**2 + h + 4. Let x be m(2). Let i = x + p. What is the tens digit of i?
1
Let b(y) = 12*y. What is the units digit of b(3)?
6
Let a = 52 - 28. What is the tens digit of (28/6 + -4)*a?
1
Suppose -31 = -z - 2*z - 5*s, -2*s + 6 = -2*z. What is the units digit of (z/4)/((-7)/(-14))?
1
What is the units digit of 8/36